3953 is divided by 1271.
140
What is the remainder when 3913134 is divided by 11?
5
What is the remainder when 1100207 is divided by 1100202?
5
What is the remainder when 30632 is divided by 13913?
2806
What is the remainder when 201199 is divided by 100117?
965
Calculate the remainder when 8689937 is divided by 59.
4
Calculate the remainder when 10886277 is divided by 163.
159
What is the remainder when 16263453 is divided by 5421141?
30
What is the remainder when 34415 is divided by 717?
716
What is the remainder when 76653 is divided by 3480?
93
Calculate the remainder when 2098128 is divided by 8.
0
What is the remainder when 195856 is divided by 48670?
1176
What is the remainder when 377025357 is divided by 912?
909
What is the remainder when 20683 is divided by 2406?
1435
What is the remainder when 9975391 is divided by 109?
38
Calculate the remainder when 9973473 is divided by 909.
834
Calculate the remainder when 183560 is divided by 45750.
560
What is the remainder when 674982 is divided by 328?
286
Calculate the remainder when 23103449 is divided by 17293.
1
Calculate the remainder when 24020 is divided by 899.
646
What is the remainder when 5714776 is divided by 373?
43
What is the remainder when 2490966 is divided by 9730?
86
What is the remainder when 1245585 is divided by 622792?
1
Calculate the remainder when 3438343 is divided by 4477.
7
Calculate the remainder when 14971450 is divided by 2298.
2278
Calculate the remainder when 20237315 is divided by 4590.
5
What is the remainder when 10309 is divided by 2016?
229
Calculate the remainder when 1000723 is divided by 268.
11
Calculate the remainder when 1392276 is divided by 282.
42
What is the remainder when 15069644 is divided by 3767410?
4
What is the remainder when 10020 is divided by 2152?
1412
Calculate the remainder when 691660 is divided by 26.
8
Calculate the remainder when 31139451 is divided by 4511.
18
Calculate the remainder when 4969759 is divided by 762.
757
What is the remainder when 295138 is divided by 1219?
140
Calculate the remainder when 20770 is divided by 1712.
226
Calculate the remainder when 242108 is divided by 48399.
113
Calculate the remainder when 24372557 is divided by 41.
25
What is the remainder when 35889024 is divided by 419?
417
What is the remainder when 2807242 is divided by 75871?
15
What is the remainder when 2945495 is divided by 589098?
5
What is the remainder when 1786233 is divided by 214?
189
Calculate the remainder when 58977603 is divided by 269304.
27
Calculate the remainder when 29284 is divided by 209.
24
Calculate the remainder when 16583603 is divided by 21.
8
What is the remainder when 5880 is divided by 137?
126
What is the remainder when 33924 is divided by 8276?
820
Calculate the remainder when 18706 is divided by 308.
226
Calculate the remainder when 27817 is divided by 13833.
151
Calculate the remainder when 65396 is divided by 10.
6
What is the remainder when 796108 is divided by 6803?
157
What is the remainder when 24404 is divided by 3047?
28
What is the remainder when 8308 is divided by 3825?
658
What is the remainder when 8297 is divided by 4119?
59
What is the remainder when 9525562 is divided by 226799?
4
Calculate the remainder when 12958419 is divided by 5617.
0
What is the remainder when 4489014 is divided by 133?
131
Calculate the remainder when 139260614 is divided by 27852120.
14
Calculate the remainder when 2270685 is divided by 471.
465
Calculate the remainder when 153510415 is divided by 1790.
15
Calculate the remainder when 488694 is divided by 1282.
252
What is the remainder when 10172948 is divided by 42387?
68
Calculate the remainder when 84471 is divided by 84261.
210
Calculate the remainder when 1530 is divided by 422.
264
What is the remainder when 13713669 is divided by 17?
7
What is the remainder when 8731800 is divided by 3431?
3336
What is the remainder when 16240560 is divided by 165720?
0
Calculate the remainder when 110876 is divided by 2132.
12
What is the remainder when 4765893 is divided by 19140?
33
What is the remainder when 62093 is divided by 6204?
53
What is the remainder when 680298245 is divided by 10282?
10279
Calculate the remainder when 35001658 is divided by 489.
16
What is the remainder when 50228 is divided by 526?
258
What is the remainder when 205563 is divided by 205449?
114
What is the remainder when 162816 is divided by 3614?
186
Calculate the remainder when 629070 is divided by 92.
66
What is the remainder when 35115 is divided by 1318?
847
What is the remainder when 2041125 is divided by 4437?
105
Calculate the remainder when 3054028 is divided by 1544.
1540
Calculate the remainder when 2964164 is divided by 592812.
104
What is the remainder when 82096 is divided by 1578?
40
What is the remainder when 208795 is divided by 1632?
1531
What is the remainder when 12270580 is divided by 367?
302
What is the remainder when 57425 is divided by 235?
85
Calculate the remainder when 86989 is divided by 4909.
3536
Calculate the remainder when 15220181 is divided by 7610066.
49
What is the remainder when 202735 is divided by 21745?
7030
Calculate the remainder when 60048272 is divided by 112.
32
Calculate the remainder when 2791478 is divided by 393.
392
Calculate the remainder when 890011 is divided by 15893.
3
What is the remainder when 274470 is divided by 1595?
130
What is the remainder when 14254598 is divided by 5021?
5000
Calculate the remainder when 636303 is divided by 4806.
1911
Calculate the remainder when 481645 is divided by 501.
184
What is the remainder when 147476776 is divided by 7108?
7100
What is the remainder when 728473 is divided by 381?
1
What is the remainder when 251461 is divided by 11415?
331
Calculate the remainder when 42634925 is divided by 54.
35
What is the remainder when 14622478 is divided by 460?
458
What is the remainder when 12793919 is divided by 48?
47
Calculate the remainder when 1594522 is divided by 10916.
786
What is the remainder when 1815192 is divided by 19308?
240
What is the remainder when 171688940 is divided by 16?
12
Calculate the remainder when 65665256 is divided by 145.
121
Calculate the remainder when 542897 is divided by 107948.
3157
Calculate the remainder when 869394 is divided by 605.
9
Calculate the remainder when 26662 is divided by 6599.
266
Calculate the remainder when 45045070 is divided by 324.
322
What is the remainder when 2415671 is divided by 557?
519
Calculate the remainder when 1751826 is divided by 1142.
1140
Calculate the remainder when 5559893 is divided by 3.
2
Calculate the remainder when 428777 is divided by 4370.
517
Calculate the remainder when 79483580 is divided by 629.
624
Calculate the remainder when 328346 is divided by 241.
104
Calculate the remainder when 1283232 is divided by 1971.
111
What is the remainder when 27030041 is divided by 33?
5
Calculate the remainder when 720411 is divided by 10594.
19
What is the remainder when 22608 is divided by 2512?
0
What is the remainder when 26591 is divided by 3655?
1006
Calculate the remainder when 74346 is divided by 24595.
561
Calculate the remainder when 64212 is divided by 56627.
7585
Calculate the remainder when 1431049 is divided by 43.
9
Calculate the remainder when 233715 is divided by 7030.
1725
What is the remainder when 24978 is divided by 7464?
2586
Calculate the remainder when 1012144 is divided by 506055.
34
Calculate the remainder when 20016680 is divided by 516.
8
Calculate the remainder when 18940979 is divided by 118.
91
What is the remainder when 42604981 is divided by 23?
11
What is the remainder when 159855737 is divided by 159?
158
What is the remainder when 4094827 is divided by 118?
109
What is the remainder when 227672 is divided by 12647?
26
What is the remainder when 420240 is divided by 1754?
1034
Calculate the remainder when 233596 is divided by 633.
19
What is the remainder when 777254 is divided by 2358?
1472
Calculate the remainder when 735157 is divided by 50.
7
Calculate the remainder when 67791 is divided by 33738.
315
Calculate the remainder when 900658 is divided by 2685.
1183
Calculate the remainder when 24158 is divided by 21288.
2870
Calculate the remainder when 136223356 is divided by 3.
1
What is the remainder wh